 is divided by 204.
187
Calculate the remainder when 144355 is divided by 180.
175
What is the remainder when 452 is divided by 312?
140
What is the remainder when 23612 is divided by 25?
12
What is the remainder when 27477 is divided by 196?
37
What is the remainder when 20609 is divided by 454?
179
Calculate the remainder when 2227 is divided by 566.
529
Calculate the remainder when 1025077 is divided by 547.
546
Calculate the remainder when 45400 is divided by 170.
10
Calculate the remainder when 431217 is divided by 235.
227
Calculate the remainder when 958126 is divided by 786.
778
What is the remainder when 3164 is divided by 438?
98
What is the remainder when 627 is divided by 207?
6
Calculate the remainder when 18676 is divided by 2286.
388
What is the remainder when 50112 is divided by 7152?
48
What is the remainder when 563111 is divided by 264?
263
Calculate the remainder when 22742 is divided by 47.
41
Calculate the remainder when 204491 is divided by 355.
11
What is the remainder when 1340 is divided by 134?
0
Calculate the remainder when 36868 is divided by 15.
13
What is the remainder when 458206 is divided by 18?
16
What is the remainder when 2392 is divided by 245?
187
What is the remainder when 1874 is divided by 841?
192
Calculate the remainder when 658 is divided by 12.
10
Calculate the remainder when 18643 is divided by 1234.
133
What is the remainder when 90817 is divided by 45393?
31
Calculate the remainder when 3018 is divided by 300.
18
Calculate the remainder when 202893 is divided by 935.
933
Calculate the remainder when 23481 is divided by 11704.
73
What is the remainder when 544248 is divided by 10?
8
Calculate the remainder when 97989 is divided by 2727.
2544
What is the remainder when 5204 is divided by 5190?
14
What is the remainder when 143311 is divided by 1541?
1539
Calculate the remainder when 5203 is divided by 134.
111
Calculate the remainder when 3576 is divided by 23.
11
Calculate the remainder when 5267 is divided by 622.
291
Calculate the remainder when 438517 is divided by 742.
737
Calculate the remainder when 39022 is divided by 13000.
22
Calculate the remainder when 2953 is divided by 937.
142
What is the remainder when 106432 is divided by 794?
36
What is the remainder when 25495 is divided by 1025?
895
What is the remainder when 10054 is divided by 265?
249
What is the remainder when 3892 is divided by 1938?
16
What is the remainder when 1057 is divided by 1048?
9
Calculate the remainder when 2292 is divided by 82.
78
What is the remainder when 10525 is divided by 1005?
475
What is the remainder when 374866 is divided by 324?
322
What is the remainder when 5688 is divided by 5462?
226
Calculate the remainder when 210961 is divided by 16.
1
What is the remainder when 7265 is divided by 21?
20
Calculate the remainder when 3134 is divided by 446.
12
What is the remainder when 303851 is divided by 1201?
1199
What is the remainder when 8663 is divided by 5?
3
Calculate the remainder when 2287 is divided by 757.
16
Calculate the remainder when 71525 is divided by 7.
6
What is the remainder when 1019 is divided by 18?
11
Calculate the remainder when 45078 is divided by 20.
18
What is the remainder when 430 is divided by 232?
198
Calculate the remainder when 828108 is divided by 76.
12
Calculate the remainder when 7906 is divided by 12.
10
Calculate the remainder when 79267 is divided by 2264.
27
Calculate the remainder when 131971 is divided by 141.
136
Calculate the remainder when 16490 is divided by 5490.
20
What is the remainder when 35721 is divided by 8917?
53
Calculate the remainder when 782 is divided by 552.
230
Calculate the remainder when 13249 is divided by 1018.
15
Calculate the remainder when 2781 is divided by 346.
13
What is the remainder when 1609387 is divided by 223?
219
Calculate the remainder when 37853 is divided by 382.
35
What is the remainder when 1684 is divided by 1553?
131
What is the remainder when 573685 is divided by 144?
133
What is the remainder when 2090 is divided by 115?
20
What is the remainder when 6018 is divided by 132?
78
Calculate the remainder when 31770 is divided by 84.
18
Calculate the remainder when 5404 is divided by 484.
80
What is the remainder when 772 is divided by 87?
76
What is the remainder when 24905 is divided by 42?
41
Calculate the remainder when 43059 is divided by 208.
3
What is the remainder when 79217 is divided by 313?
28
Calculate the remainder when 78480 is divided by 4360.
0
Calculate the remainder when 519 is divided by 434.
85
What is the remainder when 3337 is divided by 214?
127
Calculate the remainder when 20120 is divided by 277.
176
What is the remainder when 3224 is divided by 104?
0
Calculate the remainder when 7307 is divided by 3649.
9
What is the remainder when 893 is divided by 140?
53
What is the remainder when 1171 is divided by 9?
1
What is the remainder when 13500 is divided by 2241?
54
Calculate the remainder when 236144 is divided by 490.
454
Calculate the remainder when 22167 is divided by 7381.
24
What is the remainder when 5061 is divided by 508?
489
Calculate the remainder when 346506 is divided by 742.
734
What is the remainder when 10015 is divided by 401?
391
Calculate the remainder when 444443 is divided by 742.
727
Calculate the remainder when 4807 is divided by 3870.
937
Calculate the remainder when 1731519 is divided by 172.
167
What is the remainder when 10191 is divided by 51?
42
Calculate the remainder when 7465 is divided by 2483.
16
Calculate the remainder when 3446 is divided by 1515.
416
What is the remainder when 15607 is divided by 57?
46
What is the remainder when 1420 is divided by 131?
110
Calculate the remainder when 16017 is divided by 2.
1
What is the remainder when 186709 is divided by 1667?
5
Calculate the remainder when 5953 is divided by 20.
13
What is the remainder when 427 is divided by 413?
14
What is the remainder when 3249517 is divided by 438?
433
What is the remainder when 1370313 is divided by 22?
21
What is the remainder when 3560 is divided by 159?
62
Calculate the remainder when 164557 is divided by 19.
17
What is the remainder when 3997 is divided by 364?
357
Calculate the remainder when 77609 is divided by 48.
41
What is the remainder when 17764 is divided by 1328?
500
What is the remainder when 21148 is divided by 18?
16
What is the remainder when 876 is divided by 867?
9
What is the remainder when 1249 is divided by 494?
261
What is the remainder when 2777 is divided by 921?
14
Calculate the remainder when 29298 is divided by 61.
18
Calculate the remainder when 5467 is divided by 2712.
43
Calculate the remainder when 3926 is divided by 164.
154
What is the remainder when 20324 is divided by 6770?
14
Calculate the remainder when 39531 is divided by 17.
6
What is the remainder when 264855 is divided by 386?
59
What is the remainder when 6884 is divided by 123?
119
What is the remainder when 102239 is divided by 20?
19
Calculate the remainder when 731 is divided by 186.
173
Calculate the remainder when 22690 is divided by 172.
158
Calculate the remainder when 133196 is divided by 37.
33
Calculate the remainder when 348938 is divided by 45.
8
What is the remainder when 5373 is divided by 4924?
449
Calculate the remainder when 34655 is divided by 114.
113
Calculate the remainder when 113360 is divided by 22670.
10
What is the remainder when 585 is divided by 144?
9
What is the remainder when 3038 is divided by 141?
77
What is the remainder when 508807 is divided by 38?
25
Calculate the remainder when 61727 is divided by 160.
127
Calculate the remainder when 1103 is divided by 365.
8
What is the remainder when 12008 is divided by 143?
139
What is the remainder when 49827 is divided by 330?
327
What is the remainder when 4052 is divided by 42?
20
Calculate the remainder when 478014 is divided by 22.
20
What is the remainder when 3923 is divided by 84?
59
What is the remainder when 8929 is divided by 2937?
118
What is the remainder when 9666 is divided by 654?
510
What is the remainder when 905 is divided by 241?
182
What is the remainder when 22226 is divided by 170?
126
What is the remainder when 5974 is divided by 2981?
12
Calculate the remainder when 4332 is divided by 40.
12